{"id":41,"date":"2019-07-21T04:40:12","date_gmt":"2019-07-21T02:40:12","guid":{"rendered":"http:\/\/blog.fanjyda.com\/?page_id=41"},"modified":"2025-09-28T22:44:48","modified_gmt":"2025-09-28T20:44:48","slug":"red-medica","status":"publish","type":"page","link":"https:\/\/blog.antoniomr.es\/?page_id=41","title":{"rendered":"Red M\u00e9dica"},"content":{"rendered":"<p>[et_pb_section fb_built=\u00bb1&#8243; _builder_version=\u00bb4.16&#8243; global_colors_info=\u00bb{}\u00bb][et_pb_row column_structure=\u00bb1_2,1_2&#8243; _builder_version=\u00bb4.16&#8243; global_colors_info=\u00bb{}\u00bb][et_pb_column type=\u00bb1_2&#8243; _builder_version=\u00bb4.16&#8243; global_colors_info=\u00bb{}\u00bb][et_pb_image src=\u00bbhttps:\/\/blog.antoniomr.es\/wp-content\/uploads\/2019\/09\/logotipo-beiman-NUEVO-MODIFICADO-2-1.jpg\u00bb _builder_version=\u00bb4.16&#8243; custom_margin=\u00bb|96px||||\u00bb custom_padding=\u00bb|81px||||\u00bb global_colors_info=\u00bb{}\u00bb][\/et_pb_image][\/et_pb_column][et_pb_column type=\u00bb1_2&#8243; _builder_version=\u00bb4.16&#8243; global_colors_info=\u00bb{}\u00bb][et_pb_image src=\u00bbhttps:\/\/blog.antoniomr.es\/wp-content\/uploads\/2019\/09\/seguroallianz.png\u00bb _builder_version=\u00bb4.16&#8243; global_colors_info=\u00bb{}\u00bb][\/et_pb_image][\/et_pb_column][\/et_pb_row][et_pb_row _builder_version=\u00bb4.16&#8243; global_colors_info=\u00bb{}\u00bb][et_pb_column type=\u00bb4_4&#8243; _builder_version=\u00bb4.16&#8243; global_colors_info=\u00bb{}\u00bb][et_pb_text _builder_version=\u00bb4.16&#8243; custom_padding=\u00bb||3px|||\u00bb global_colors_info=\u00bb{}\u00bb]<\/p>\n<h1 style=\"text-align: center;\"><strong>N\u00daMERO\u00a0 DE\u00a0\u00a0<\/strong><strong>P\u00d3LIZA<br \/> <\/strong><span color:=\"\" ff0000=\"\" style=\"color: #ff0000;\"><strong>046054930<\/strong><\/span><\/h1>\n<p>[\/et_pb_text][\/et_pb_column][\/et_pb_row][et_pb_row _builder_version=\u00bb4.16&#8243; global_colors_info=\u00bb{}\u00bb][et_pb_column type=\u00bb4_4&#8243; _builder_version=\u00bb4.16&#8243; global_colors_info=\u00bb{}\u00bb][et_pb_text _builder_version=\u00bb4.16&#8243; global_colors_info=\u00bb{}\u00bb]<\/p>\n<h2 style=\"text-align: center;\"><strong>Gestionar Online un Accidente Deportivo<\/strong><\/h2>\n<p style=\"text-align: center;\">Ya es posible la tramitaci\u00f3n de un Accidente Deportivo de manera Online. Para ello solo debe:<\/p>\n<p style=\"text-align: center;\">Apuntar el N\u00famero de Poliza:\u00a0<span style=\"color: #3366ff;\"><strong>046054930<\/strong><\/span><\/p>\n<p style=\"text-align: center;\">Indicar en el Parte online su <span style=\"color: #3366ff;\"><strong>ID federativo<\/strong>\u00a0<\/span><\/p>\n<p style=\"text-align: center;\"><span style=\"color: #3366ff;\"><\/span><\/p>\n<p>[\/et_pb_text][et_pb_button button_url=\u00bbhttps:\/\/federados.clinicabeiman.es\u00bb url_new_window=\u00bbon\u00bb button_text=\u00bbTRAMITACI\u00d3N ONLINE\u00bb button_alignment=\u00bbcenter\u00bb _builder_version=\u00bb4.16&#8243; custom_button=\u00bbon\u00bb button_text_color=\u00bb#e02b20&#8243; custom_margin=\u00bb-37px|||||\u00bb global_colors_info=\u00bb{}\u00bb][\/et_pb_button][et_pb_testimonial author=\u00bbTel\u00e9fono  de URGENCIAS\u00bb company_name=\u00bbEn caso de tener alg\u00fan problema o duda ya sea a que Centro M\u00e9dico dirigirnos frente a un Accidente Deportivo o como debemos actuar podemos llamar al tel\u00e9fono indicado\u00bb portrait_url=\u00bbhttps:\/\/blog.antoniomr.es\/wp-content\/uploads\/2020\/02\/icono-telefono-boton-miniatura_24911-30424.jpg\u00bb quote_icon=\u00bboff\u00bb _builder_version=\u00bb4.16&#8243; body_font=\u00bb|700|||||||\u00bb author_text_align=\u00bbcenter\u00bb author_text_color=\u00bb#e02b20&#8243; author_font_size=\u00bb18px\u00bb author_text_shadow_style=\u00bbpreset5&#8243; box_shadow_style_image=\u00bbpreset6&#8243; global_colors_info=\u00bb{}\u00bb]<\/p>\n<h1 style=\"text-align: center;\"><span style=\"color: #ff00ff;\"><strong>677808817<\/strong><\/span><\/h1>\n<p>[\/et_pb_testimonial][\/et_pb_column][\/et_pb_row][et_pb_row _builder_version=\u00bb4.16&#8243; global_colors_info=\u00bb{}\u00bb][et_pb_column type=\u00bb4_4&#8243; _builder_version=\u00bb4.16&#8243; global_colors_info=\u00bb{}\u00bb][et_pb_text _builder_version=\u00bb4.16&#8243; custom_margin=\u00bb||-39px|||\u00bb global_colors_info=\u00bb{}\u00bb]<\/p>\n<h2 style=\"text-align: center;\"><strong>Gestionar Accidente Deportivo Mediante Parte Fisico<\/strong><\/h2>\n<p style=\"text-align: center;\">Si lo prefiere tamb\u00eden puede Gestionar el Accidente Deportivo de forma tradicional (como en a\u00f1os anteriores) para ello necesita:<\/p>\n<p>[\/et_pb_text][\/et_pb_column][\/et_pb_row][et_pb_row column_structure=\u00bb1_2,1_2&#8243; _builder_version=\u00bb4.16&#8243; min_height=\u00bb123px\u00bb custom_padding=\u00bb33px|||||\u00bb global_colors_info=\u00bb{}\u00bb][et_pb_column type=\u00bb1_2&#8243; _builder_version=\u00bb4.16&#8243; global_colors_info=\u00bb{}\u00bb][et_pb_text _builder_version=\u00bb4.16&#8243; global_colors_info=\u00bb{}\u00bb]<\/p>\n<p style=\"text-align: right;\"><strong>Parte de Accidente Deportivo<\/strong><\/p>\n<p>[\/et_pb_text][et_pb_text _builder_version=\u00bb4.16&#8243; global_colors_info=\u00bb{}\u00bb]<\/p>\n<p style=\"text-align: right;\"><strong>Protocolo de Accidente Deportivo<\/strong><\/p>\n<p>[\/et_pb_text][et_pb_text _builder_version=\u00bb4.16&#8243; custom_margin=\u00bb-6px|||||\u00bb global_colors_info=\u00bb{}\u00bb]<\/p>\n<p style=\"text-align: right;\"><b>Cuadro M\u00e9dico de Asistencia<\/b><\/p>\n<p>[\/et_pb_text][et_pb_text _builder_version=\u00bb4.16&#8243; custom_margin=\u00bb-6px|||||\u00bb global_colors_info=\u00bb{}\u00bb]<\/p>\n<p style=\"text-align: right;\"><b>Poliza de Seguro y Condiciones<\/b><\/p>\n<p>[\/et_pb_text][\/et_pb_column][et_pb_column type=\u00bb1_2&#8243; _builder_version=\u00bb4.16&#8243; global_colors_info=\u00bb{}\u00bb][et_pb_button button_url=\u00bbhttps:\/\/blog.antoniomr.es\/wp-content\/uploads\/2019\/09\/PARTE-DE-ACCIDENTE-FANJYDA.doc\u00bb button_text=\u00bbDESCARGAR\u00bb button_alignment=\u00bbleft\u00bb _builder_version=\u00bb4.16&#8243; custom_button=\u00bbon\u00bb button_text_size=\u00bb14px\u00bb button_text_color=\u00bb#8300e9&#8243; button_border_width=\u00bb2px\u00bb button_border_radius=\u00bb14px\u00bb button_letter_spacing=\u00bb0px\u00bb button_icon=\u00bb&#x22;||divi||400&#8243; custom_margin=\u00bb|||-46px||\u00bb custom_padding=\u00bb0px|||||\u00bb box_shadow_style=\u00bbpreset2&#8243; global_colors_info=\u00bb{}\u00bb][\/et_pb_button][et_pb_button button_url=\u00bbhttps:\/\/blog.antoniomr.es\/wp-content\/uploads\/2019\/09\/PROTOCOLO-ANTE-UN-ACCIDENTE-DEPORTIVO-FANJYDA.pdf\u00bb url_new_window=\u00bbon\u00bb button_text=\u00bbDESCARGAR\u00bb button_alignment=\u00bbleft\u00bb _builder_version=\u00bb4.16&#8243; custom_button=\u00bbon\u00bb button_text_size=\u00bb14px\u00bb button_text_color=\u00bb#e09900&#8243; button_border_width=\u00bb2px\u00bb button_border_radius=\u00bb14px\u00bb button_letter_spacing=\u00bb0px\u00bb button_icon=\u00bb&#x22;||divi||400&#8243; custom_margin=\u00bb-10px|||-46px||\u00bb custom_padding=\u00bb0px|||||\u00bb box_shadow_style=\u00bbpreset2&#8243; global_colors_info=\u00bb{}\u00bb][\/et_pb_button][et_pb_button button_url=\u00bbhttps:\/\/blog.antoniomr.es\/wp-content\/uploads\/2019\/09\/CUADRO-MEDICO-PARA-FEDERACIONES-JUNIO-2019.pdf\u00bb url_new_window=\u00bbon\u00bb button_text=\u00bbDESCARGAR\u00bb button_alignment=\u00bbleft\u00bb _builder_version=\u00bb4.16&#8243; custom_button=\u00bbon\u00bb button_text_size=\u00bb14px\u00bb button_text_color=\u00bb#e02b20&#8243; button_border_width=\u00bb2px\u00bb button_border_radius=\u00bb14px\u00bb button_letter_spacing=\u00bb0px\u00bb button_icon=\u00bb&#x22;||divi||400&#8243; custom_margin=\u00bb-10px|||-46px||\u00bb custom_padding=\u00bb0px|||||\u00bb box_shadow_style=\u00bbpreset2&#8243; global_colors_info=\u00bb{}\u00bb][\/et_pb_button][et_pb_button button_url=\u00bbhttps:\/\/blog.antoniomr.es\/wp-content\/uploads\/2020\/02\/Poliza-Seguro-Accidente-Deportivo-FANJYDA-2019_20.pdf\u00bb url_new_window=\u00bbon\u00bb button_text=\u00bbDESCARGAR\u00bb button_alignment=\u00bbleft\u00bb _builder_version=\u00bb4.16&#8243; custom_button=\u00bbon\u00bb button_text_size=\u00bb14px\u00bb button_text_color=\u00bb#7cda24&#8243; button_border_width=\u00bb2px\u00bb button_border_radius=\u00bb14px\u00bb button_letter_spacing=\u00bb0px\u00bb button_icon=\u00bb&#x22;||divi||400&#8243; custom_margin=\u00bb-10px|||-46px||\u00bb custom_padding=\u00bb0px|||||\u00bb box_shadow_style=\u00bbpreset2&#8243; global_colors_info=\u00bb{}\u00bb][\/et_pb_button][\/et_pb_column][\/et_pb_row][\/et_pb_section]<\/p>\n","protected":false},"excerpt":{"rendered":"<p>N\u00daMERO\u00a0 DE\u00a0\u00a0P\u00d3LIZA 046054930Gestionar Online un Accidente Deportivo Ya es posible la tramitaci\u00f3n de un Accidente Deportivo de manera Online. Para ello solo debe: Apuntar el N\u00famero de Poliza:\u00a0046054930 Indicar en [&hellip;]<\/p>\n","protected":false},"author":1,"featured_media":0,"parent":0,"menu_order":0,"comment_status":"closed","ping_status":"closed","template":"","meta":{"_et_pb_use_builder":"on","_et_pb_old_content":"","_et_gb_content_width":"","_eb_attr":"","footnotes":""},"class_list":["post-41","page","type-page","status-publish","hentry"],"_links":{"self":[{"href":"https:\/\/blog.antoniomr.es\/index.php?rest_route=\/wp\/v2\/pages\/41","targetHints":{"allow":["GET"]}}],"collection":[{"href":"https:\/\/blog.antoniomr.es\/index.php?rest_route=\/wp\/v2\/pages"}],"about":[{"href":"https:\/\/blog.antoniomr.es\/index.php?rest_route=\/wp\/v2\/types\/page"}],"author":[{"embeddable":true,"href":"https:\/\/blog.antoniomr.es\/index.php?rest_route=\/wp\/v2\/users\/1"}],"replies":[{"embeddable":true,"href":"https:\/\/blog.antoniomr.es\/index.php?rest_route=%2Fwp%2Fv2%2Fcomments&post=41"}],"version-history":[{"count":16,"href":"https:\/\/blog.antoniomr.es\/index.php?rest_route=\/wp\/v2\/pages\/41\/revisions"}],"predecessor-version":[{"id":7864,"href":"https:\/\/blog.antoniomr.es\/index.php?rest_route=\/wp\/v2\/pages\/41\/revisions\/7864"}],"wp:attachment":[{"href":"https:\/\/blog.antoniomr.es\/index.php?rest_route=%2Fwp%2Fv2%2Fmedia&parent=41"}],"curies":[{"name":"wp","href":"https:\/\/api.w.org\/{rel}","templated":true}]}}